{"id":8,"date":"2025-02-28T14:14:10","date_gmt":"2025-02-28T13:14:10","guid":{"rendered":"http:\/\/localhost:8080\/?page_id=8"},"modified":"2025-03-08T22:13:10","modified_gmt":"2025-03-08T21:13:10","slug":"a-propos","status":"publish","type":"page","link":"https:\/\/www.association-anidal.ma\/index.php\/a-propos\/","title":{"rendered":"Qui sommes-nous"},"content":{"rendered":"<section class=\"page  py-5\">\n<div class=\"container\">\n<h2 class=\"section-title\">Qui sommes nous<\/h2>\n<p>             L&rsquo;association Anidal des handicap\u00e9s, qui se trouve \u00e0&nbsp;dar chabab Ain Chock cr\u00e9e en mai 2014, a pour but de venir en aide aux personnes en situation de handicap en leur accordant le soutien n\u00e9cessaire en mat\u00e9riel param\u00e9dical et denr\u00e9es alimentaires. Cette association d\u00e9fend la cause des personnes handicap\u00e9es dans l&rsquo;espoir d&rsquo;instaurer des lois pour la protection et la promotion des droits humains des personnes en situation de handicap\t<\/p><\/div>\n<\/section>\n","protected":false},"excerpt":{"rendered":"<p>Qui sommes nous L&rsquo;association Anidal des handicap\u00e9s, qui se trouve \u00e0&nbsp;dar chabab Ain Chock cr\u00e9e en mai 2014, a pour but de venir en aide aux personnes en situation de handicap en leur accordant le soutien n\u00e9cessaire en mat\u00e9riel param\u00e9dical et denr\u00e9es alimentaires. Cette association d\u00e9fend la cause des personnes handicap\u00e9es dans l&rsquo;espoir d&rsquo;instaurer des [&hellip;]<\/p>\n","protected":false},"author":1,"featured_media":0,"parent":0,"menu_order":0,"comment_status":"closed","ping_status":"closed","template":"","meta":{"_acf_changed":false,"footnotes":""},"class_list":["post-8","page","type-page","status-publish","hentry"],"acf":[],"_links":{"self":[{"href":"https:\/\/www.association-anidal.ma\/index.php\/wp-json\/wp\/v2\/pages\/8","targetHints":{"allow":["GET"]}}],"collection":[{"href":"https:\/\/www.association-anidal.ma\/index.php\/wp-json\/wp\/v2\/pages"}],"about":[{"href":"https:\/\/www.association-anidal.ma\/index.php\/wp-json\/wp\/v2\/types\/page"}],"author":[{"embeddable":true,"href":"https:\/\/www.association-anidal.ma\/index.php\/wp-json\/wp\/v2\/users\/1"}],"replies":[{"embeddable":true,"href":"https:\/\/www.association-anidal.ma\/index.php\/wp-json\/wp\/v2\/comments?post=8"}],"version-history":[{"count":0,"href":"https:\/\/www.association-anidal.ma\/index.php\/wp-json\/wp\/v2\/pages\/8\/revisions"}],"wp:attachment":[{"href":"https:\/\/www.association-anidal.ma\/index.php\/wp-json\/wp\/v2\/media?parent=8"}],"curies":[{"name":"wp","href":"https:\/\/api.w.org\/{rel}","templated":true}]}}